 divided by 10.
6
Suppose 4*v + n - 493 = 322, 0 = -n - 1. Let b(r) = -r**2 + 112*r - 179. What is the remainder when v is divided by b(110)?
40
Suppose -347 = -2*v - 85. Let g(r) be the second derivative of r**5/20 - r**4/2 - r**3 + 6*r**2 + 2*r + 204. Calculate the remainder when v is divided by g(7).
17
Let f be 0/(2 + -4) + -4. Let l = 14 - f. What is the remainder when ((-3)/6)/((-5)/(-4830)*-7) is divided by l?
15
Suppose 3*u + 279 = 285. Let s(y) = 6*y + 6. Calculate the remainder when s(u) is divided by 18.
0
Let p = -5567 + 5751. What is the remainder when 335 is divided by p?
151
Suppose 5*n - v - 681 = 1252, -3*v = -4*n + 1553. Let d = n - 232. Suppose 25*t - d = 18*t. What is the remainder when 55 is divided by t?
11
Let p = -70 - -85. Let a be (-4)/(-3) - (-25)/p. Calculate the remainder when 1255/30 - (a - 57/18) is divided by 23.
19
Calculate the remainder when -4*(531/(-4) + (-10)/(200/(-60))) is divided by 178.
163
Let x(v) = -72*v**3 + v**2. Let o be (-1)/(-2)*2*(179 + -5). Let s = -155 + o. What is the remainder when x(-1) is divided by s?
16
Let m be 1 + (1 - 2) + 0. Calculate the remainder when 127 is divided by 30 - ((m - 6) + 4).
31
What is the remainder when ((-46720)/60)/(2/(-3)) is divided by 21?
13
Let b(t) = 14*t**3 - 129*t**2 + 400*t + 13. What is the remainder when b(3) is divided by 85?
5
Let b(a) = -277*a - 803. Calculate the remainder when 146 is divided by b(-3).
6
Suppose 25*g = 5*g - 31*g + 31263. Calculate the remainder when g is divided by 76.
5
Let f(t) = -11 + 4*t - 15 + 0*t. Let l(o) = o**3 + 50*o**2 + 42*o - 328. Let a be l(-49). Calculate the remainder when f(a) is divided by 19.
15
Suppose 24*t + 71 = c + 25*t, 2*c + 3*t - 140 = 0. What is the remainder when 232 is divided by c?
13
Let m(l) be the second derivative of l**5/20 + l**4/2 - 2*l**3/3 - 9*l**2/2 + 10*l. Suppose 20*q - 185 = 335. What is the remainder when q is divided by m(-6)?
11
Let l(q) = -q**3 - 26*q**2 + 44*q - 177. Calculate the remainder when 2383 is divided by l(-28).
157
Let l = -189 + 181. Calculate the remainder when 465 is divided by 1*52 + l/(-64)*0.
49
Suppose -3*r + 810 = -2*l - l, 0 = -l - 2. What is the remainder when r is divided by 10/(-320) + 32851/608?
52
Suppose w + 2*b = 158, 27 - 39 = -3*b. What is the remainder when w is divided by 6?
0
Let o be -690*(6/(-30))/(1/2). Let a = 301 - o. What is the remainder when 41 is divided by a?
16
Let q(u) = -653*u + 8555. Calculate the remainder when 1643 is divided by q(13).
59
Suppose 18*u = 22*u - 28. Suppose -445 = 8*x - 3*x. Let j = -77 - x. What is the remainder when j is divided by u?
5
Suppose 20*g - 2770 = -210. Suppose -48 = 5*z - 4*v - g, -4*z - 4*v = -28. Suppose 51 - 7 = 2*q. Calculate the remainder when q is divided by z.
10
Let d(t) = 5*t**2 - 12*t - 47. What is the remainder when d(12) is divided by 206?
117
Suppose -5*p + 28 + 2142 = 0. Calculate the remainder when p is divided by 12 + -15 + 5 + 21.
20
Suppose -p = -o - 386, 3*p = -3*o + 179 + 1003. Suppose -3*h - 7*h = -p. Calculate the remainder when h is divided by 15.
9
Suppose -195*y + 32 + 2566 = -4812. Calculate the remainder when 1591 is divided by y.
33
Let r(m) = -m**3 - m**2 + m - 62. Let a be r(8). Let x = 661 + a. Calculate the remainder when 90 is divided by x.
28
Suppose -3*m - 4*w - 129 = 0, -m - 3*w - w - 51 = 0. Let r be ((-112)/6 + -1)/(2/6). Let b = m - r. Calculate the remainder when 98 is divided by b.
18
Suppose 14*o = -12*o + 8*o + 2466. Calculate the remainder when 473 is divided by o.
62
Let u = -28 - 49. Let c = u + 140. Calculate the remainder when c + 0 + ((-6)/(-3) - 2) is divided by 22.
19
Let h(j) = -2*j**2 - 39*j - 8. Suppose 29*g - 26*g + 24 = 0. Let m be h(g). Suppose -4*p + 20 + m = 0. What is the remainder when 244 is divided by p?
48
Suppose -68*k - 35619 = -74*k - 87*k. Calculate the remainder when k is divided by 98.
89
Suppose 64*y = 31*y + 1089. Calculate the remainder when (93/6)/((-39)/(-18) + -2) is divided by y.
27
Let c = 96685 - 96663. Let z be -1*(-1)/(3/6). What is the remainder when c is divided by ((-6)/(-12))/(z/44)?
0
Suppose -3*w = -5*g, 16 = 16*g - 19*g + 5*w. Suppose 4*y + 3*b = 2697, g*b = -4*y + 7*b + 2732. Calculate the remainder when y is divided by 34.
32
Let i(b) = -b**2 + 24*b - 18. Suppose 0 = -17*k + 16*k + 8. What is the remainder when i(k) is divided by 28?
26
Let y be ((-13035)/30)/((-2)/16). Suppose 0 = -11*x + 9*x + y. What is the remainder when (x/33)/((-4)/(-6)) is divided by 9?
7
What is the remainder when 1095 is divided by (-180)/18 - -32 - 0?
17
Let s(r) = -6*r**2 + 4*r - 13*r**2 + 5 + 47*r**2 + r**2. What is the remainder when s(-1) is divided by 18?
12
Let f = -5 + 15. Let n(v) = -16*v**3 - 6*v - 6*v**2 + 5*v**3 + f*v**3 + 1. What is the remainder when n(-6) is divided by 19?
18
Suppose 0 = -24*c + 13*c + 935. Let y be 2/(-4)*(155 - 1). Let f = y + c. Calculate the remainder when 18 is divided by f.
2
Let p(b) = -4*b - 24. Let n be 2/(-4)*-4*(2 - -5). Suppose -8*w + n*w = 570. What is the remainder when w is divided by p(-12)?
23
Suppose 3*k - 2*h - 12340 = -1738, 5*k - h - 17684 = 0. What is the remainder when k is divided by 60?
58
Suppose -g - g = -5*y - 10, -2*g - 10 = 0. Let d(h) = -h**3 - 12*h - 2. What is the remainder when d(y) is divided by 56?
54
Let l be 5 + (-2 - 1/(-1)). Suppose -l*r - 2*g - 23 + 151 = 0, -3*g - 138 = -4*r. What is the remainder when r is divided by 10?
3
What is the remainder when 10899 is divided by 19 - (-5 - -6)*-6?
24
Let n(a) = -12*a**2 - 228*a - 78. What is the remainder when n(-17) is divided by 59?
35
Let w(p) = -p**3 - 8*p**2 + 6*p - 5. Let m be 0 - -1*2 - (-1712)/16. Let o = m + -24. What is the remainder when o is divided by w(-9)?
19
Let b be (10/(-8))/(1/2)*-10. Suppose b = -5*q, 2*j - 3*j - 3*q + 40 = 0. Let p = 63 + -41. Calculate the remainder when j is divided by p.
11
Let m(z) = -z**3 - 145*z**2 + 438*z - 673. Calculate the remainder when 865 is divided by m(-148).
5
Let r be 18/(-42) + 3/7. Suppose r = -3*g + 2*w + 544, 2*g - 7*g + 5*w = -905. Calculate the remainder when g is divided by 37.
34
Let n(k) = k**2 - 19*k + 44. Let l(r) = r**2 - 17*r + 44. Let b(o) = 2*l(o) - 3*n(o). What is the remainder when b(18) is divided by 6?
4
Let k(b) = -b**2 - 27*b - 92. Calculate the remainder when 4642 is divided by k(-22).
16
Calculate the remainder when 316 is divided by (63/(-14))/(117/(-1118)).
15
Suppose -5*t - 258267 = -13*c, 3*c + 3*t - 25470 = 34101. Calculate the remainder when c is divided by 42.
40
Suppose 6*d - d + v = 449, -3*d = -3*v - 273. Let t = d - 87. Let s(n) = 8*n**2 + 3*n - 3. What is the remainder when s(t) is divided by 16?
14
Let b = 354 - 248. Let p be 1 - 12/(-2 + -2) - b. What is the remainder when ((-17)/(p/(-20)))/((-1)/66) is divided by 13?
12
Suppose -83*h + 259658 + 150495 = -61619. What is the remainder when h is divided by 11?
8
Suppose -16*r = 85 + 699. What is the remainder when r*8/(-4) + 5/(-1) is divided by 19?
17
Suppose -4*i - 5*z = -2*i - 50, -50 = -2*i - 6*z. What is the remainder when 395 is divided by i?
20
Let z = -71 - -125. Suppose 4*q - q - z = -k, 0 = -4*q - k + 73. What is the remainder when 94 is divided by q?
18
Let n(u) = 2*u**3 - 4*u**3 - 30*u + 18*u**2 + 0*u**3 + 17 + u**3. Let g be n(16). Let t = g - 12. Calculate the remainder when t is divided by 20.
17
Let b(y) = -2*y**2 - 157*y + 244. Calculate the remainder when b(-69) is divided by 78.
73
Let w(m) = -3*m**2 + 33*m - 32. Let o be w(22). Let u = o - -765. What is the remainder when 9 is divided by u?
2
Suppose 734*q - 757*q = -2346. Calculate the remainder when q is divided by 6.
0
Let m be -1*1/4 - 6147/(-12). Suppose 14*g = 22*g - m. Calculate the remainder when g is divided by 33.
31
Let s = -16 - -36. Suppose 0 = 5*l - s - 90. Suppose 0 = -4*a, -4*g + 46 = -4*a - l. Calculate the remainder when g is divided by 5.
2
Let n be 3/48*4*0. Let c = 242 + n. Suppose 4*v + 60 = a, v + c - 18 = 5*a. What is the remainder when a is divided by 12?
8
Calculate the remainder when 140/6 - 2/(-3) is divided by 18/(-45) - 4968/(-270).
6
Let z = 8 + 25. Suppose -3*g + 2*j + 151 = j, g + 4*j - z = 0. Let u = -376 + 571. What is the remainder when u is divided by g?
48
Suppose 0*u - 3*u = 2*n + 